What is the remainder when 241 is divided by 79?
4
What is the remainder when 125 is divided by 36?
17
Calculate the remainder when 165 is divided by 12.
9
Calculate the remainder when 124 is divided by 16.
12
Calculate the remainder when 1111 is divided by 227.
203
Calculate the remainder when 260 is divided by 134.
126
What is the remainder when 40 is divided by 14?
12
What is the remainder when 372 is divided by 34?
32
What is the remainder when 857 is divided by 26?
25
Calculate the remainder when 2231 is divided by 11.
9
Calculate the remainder when 11954 is divided by 11.
8
Calculate the remainder when 1293 is divided by 61.
12
What is the remainder when 698 is divided by 36?
14
Calculate the remainder when 14343 is divided by 151.
149
Calculate the remainder when 176 is divided by 84.
8
What is the remainder when 581 is divided by 11?
9
What is the remainder when 70 is divided by 18?
16
What is the remainder when 781 is divided by 251?
28
What is the remainder when 161 is divided by 78?
5
What is the remainder when 170 is divided by 63?
44
Calculate the remainder when 1760 is divided by 121.
66
Calculate the remainder when 370 is divided by 74.
0
Calculate the remainder when 2659 is divided by 65.
59
What is the remainder when 1829 is divided by 457?
1
What is the remainder when 116951 is divided by 12?
11
What is the remainder when 339 is divided by 110?
9
What is the remainder when 183 is divided by 27?
21
Calculate the remainder when 547 is divided by 15.
7
What is the remainder when 99 is divided by 11?
0
Calculate the remainder when 150 is divided by 12.
6
What is the remainder when 187 is divided by 63?
61
Calculate the remainder when 880 is divided by 7.
5
What is the remainder when 1845 is divided by 10?
5
Calculate the remainder when 13453 is divided by 23.
21
What is the remainder when 924 is divided by 390?
144
Calculate the remainder when 6562 is divided by 329.
311
Calculate the remainder when 269 is divided by 23.
16
What is the remainder when 8637 is divided by 14?
13
Calculate the remainder when 237 is divided by 66.
39
What is the remainder when 39 is divided by 7?
4
What is the remainder when 64 is divided by 50?
14
What is the remainder when 38 is divided by 20?
18
What is the remainder when 295 is divided by 81?
52
What is the remainder when 968 is divided by 69?
2
What is the remainder when 3934 is divided by 18?
10
Calculate the remainder when 1172 is divided by 69.
68
Calculate the remainder when 60 is divided by 2.
0
Calculate the remainder when 282 is divided by 11.
7
What is the remainder when 187 is divided by 22?
11
Calculate the remainder when 182 is divided by 49.
35
Calculate the remainder when 434 is divided by 55.
49
What is the remainder when 908 is divided by 91?
89
What is the remainder when 141 is divided by 10?
1
What is the remainder when 393 is divided by 58?
45
Calculate the remainder when 275 is divided by 94.
87
What is the remainder when 496 is divided by 223?
50
What is the remainder when 261 is divided by 10?
1
What is the remainder when 58 is divided by 11?
3
Calculate the remainder when 2274 is divided by 97.
43
What is the remainder when 357 is divided by 15?
12
Calculate the remainder when 255 is divided by 33.
24
What is the remainder when 106 is divided by 38?
30
What is the remainder when 569 is divided by 52?
49
Calculate the remainder when 362 is divided by 93.
83
What is the remainder when 471 is divided by 429?
42
What is the remainder when 86 is divided by 44?
42
What is the remainder when 88 is divided by 35?
18
Calculate the remainder when 454 is divided by 65.
64
What is the remainder when 78 is divided by 10?
8
Calculate the remainder when 85 is divided by 52.
33
What is the remainder when 377 is divided by 195?
182
Calculate the remainder when 124 is divided by 32.
28
Calculate the remainder when 3280 is divided by 48.
16
Calculate the remainder when 54 is divided by 45.
9
What is the remainder when 93 is divided by 80?
13
What is the remainder when 2170 is divided by 198?
190
Calculate the remainder when 18 is divided by 6.
0
Calculate the remainder when 356 is divided by 19.
14
Calculate the remainder when 3139 is divided by 784.
3
Calculate the remainder when 1097 is divided by 53.
37
Calculate the remainder when 4726 is divided by 12.
10
What is the remainder when 177 is divided by 61?
55
What is the remainder when 359 is divided by 11?
7
Calculate the remainder when 326 is divided by 306.
20
What is the remainder when 9310 is divided by 67?
64
What is the remainder when 1008 is divided by 988?
20
Calculate the remainder when 3263 is divided by 32.
31
What is the remainder when 819 is divided by 6?
3
Calculate the remainder when 2192 is divided by 157.
151
What is the remainder when 37 is divided by 19?
18
What is the remainder when 39099 is divided by 460?
459
Calculate the remainder when 1108 is divided by 271.
24
Calculate the remainder when 5037 is divided by 10.
7
Calculate the remainder when 16 is divided by 10.
6
Calculate the remainder when 1063 is divided by 101.
53
Calculate the remainder when 64 is divided by 13.
12
What is the remainder when 464 is divided by 212?
40
Calculate the remainder when 131 is divided by 46.
39
Calculate the remainder when 20 is divided by 3.
2
What is the remainder when 182 is divided by 49?
35
What is the remainder when 932 is divided by 55?
52
Calculate the remainder when 216 is divided by 20.
16
Calculate the remainder when 233 is divided by 41.
28
What is the remainder when 188 is divided by 64?
60
Calculate the remainder when 752 is divided by 42.
38
Calculate the remainder when 14650 is divided by 17.
13
Calculate the remainder when 1317 is divided by 455.
407
Calculate the remainder when 288 is divided by 58.
56
What is the remainder when 2717 is divided by 17?
14
What is the remainder when 67 is divided by 10?
7
Calculate the remainder when 439 is divided by 215.
9
What is the remainder when 1189 is divided by 1188?
1
Calculate the remainder when 1917 is divided by 120.
117
What is the remainder when 127 is divided by 20?
7
What is the remainder when 117 is divided by 17?
15
What is the remainder when 105 is divided by 54?
51
Calculate the remainder when 14176 is divided by 51.
49
Calculate the remainder when 349 is divided by 53.
31
What is the remainder when 89 is divided by 45?
44
What is the remainder when 1448 is divided by 91?
83
What is the remainder when 103 is divided by 37?
29
What is the remainder when 6 is divided by 4?
2
Calculate the remainder when 123 is divided by 74.
49
Calculate the remainder when 1294 is divided by 162.
160
What is the remainder when 238 is divided by 6?
4
Calculate the remainder when 257 is divided by 44.
37
What is the remainder when 61 is divided by 24?
13
What is the remainder when 729 is divided by 119?
15
What is the remainder when 176 is divided by 64?
48
Calculate the remainder when 614 is divided by 103.
99
What is the remainder when 619 is divided by 124?
123
What is the remainder when 9031 is divided by 110?
11
What is the remainder when 1350 is divided by 4?
2
Calculate the remainder when 98 is divided by 13.
7
What is the remainder when 329 is divided by 58?
39
Calculate the remainder when 596 is divided by 38.
26
Calculate the remainder when 2856 is divided by 22.
18
What is the remainder when 188 is divided by 173?
15
What is the remainder when 1026 is divided by 23?
14
Calculate the remainder when 2098 is divided by 75.
73
What is the remainder when 2284 is divided by 43?
5
Calculate the remainder when 2000 is divided by 143.
141
What is the remainder when 526 is divided by 180?
166
What is the remainder when 126 is divided by 32?
30
What is the remainder when 314 is divided by 246?
68
Calculate the remainder when 27 is divided by 26.
1
Calculate the remainder when 800 is divided by 260.
20
What is the remainder when 139 is divided by 70?
69
What is the remainder when 162 is divided by 11?
8
What is the remainder when 270 is divided by 48?
30
Calculate the remainder when 196 is divided by 2.
0
What is the remainder when 9198 is divided by 92?
90
Calculate the remainder when 403 is divided by 51.
46
What is the remainder when 94 is divided by 7?
3
What is the remainder 